{"id":301,"date":"2024-03-13T14:12:52","date_gmt":"2024-03-13T13:12:52","guid":{"rendered":"https:\/\/baerenladen.de\/?page_id=301"},"modified":"2024-03-13T14:14:40","modified_gmt":"2024-03-13T13:14:40","slug":"bengel-bengelchen-einzig-nicht-artig","status":"publish","type":"page","link":"https:\/\/baerenladen.de\/?page_id=301","title":{"rendered":"bEngel\/bEngelchen-einzig nicht artig!"},"content":{"rendered":"\n<p>Indivuduelle bEngel\/ bEngelchen, die durch ihr au\u00dfergew\u00f6hnliches aber schlichtes Design bestechen und sich jedem Ambiente anpassen.<\/p>\n\n\n\nngg_shortcode_0_placeholder\n\n\n\n<p>Alle bEngel\/ bEngelchen sind in liebevoller Handarbeit gefertigt. Zur Herstellung kommen ausschlie\u00dflich hochwertige Materialien zum Einsatz. Die K\u00f6rper werden aus Beton bzw. beton\u00e4hnlicher Masse gegossen und vorsichtig nachbearbeitet bis sie ihr einzigartiges Aussehen erreichen. Die geschwungenen Fl\u00fcgel sind aus Filz. Der Kopf, der fr\u00f6hlich unter dem Heiligenschein hervorblitzt, ist aus Holz. Auf Wunsch werden die bEngel\/ bEngelchen mit einen kleinen Anh\u00e4nger versehen.<\/p>\n\n\n\n<p>Die Fertigung und die verwendeten Materialien machen die bEngel\/ bEngelchen absolut einzigartig und lassen sie in Struktur, Farbton und Pigmentierung von den Beispielfotos abweichen.<\/p>\n\n\n\n<p>Die bEngel\/ bEngelchen sind nur bedingt f\u00fcr den Aufenthalt im Au\u00dfenbereich geeignet. Sie sollten auf jeden Fall einen trockenen Standort haben, da sie sonst relativ schnell &#8222;altern&#8220;.<\/p>\n\n\n\n<p>Die bEngel\/ bEngelchen eignen sich als Geschenk f\u00fcr jeden Anlass. Ob Hochzeit, Taufe, Konfirmation, Kommunion, Firmung, Geburt, Weihnachten, Geburtstag, Mitbringsel einfach nur so, bEngel und bEngelchen machen einfach immer eine gute Figur.<\/p>\n\n\n\n<p><strong>whiteEdition!<\/strong><br>bEngelchen: H\u00f6he ca. 14 cm\/ Gewicht ca. 230 g 14,50 Euro\/ Stk.<br>bEngel: H\u00f6he ca. 18,5 cm\/ Gewicht ca. 550 g 24,50 Euro\/ Stk.<\/p>\n\n\n\n<p><strong>blackEdition!<\/strong><br>Little Lucifer: H\u00f6he ca. 14 cm\/ Gewicht ca. 230 g 14,50 Euro\/ Stk.<br>Lucifer Black: H\u00f6he ca. 18,5 cm\/ Gewicht ca. 550 g 24,50 Euro\/ Stk.<\/p>\n\n\n\n<p><\/p>\n","protected":false},"excerpt":{"rendered":"<p>Indivuduelle bEngel\/ bEngelchen, die durch ihr au\u00dfergew\u00f6hnliches aber schlichtes Design bestechen und sich jedem Ambiente anpassen. Alle bEngel\/ bEngelchen sind in liebevoller Handarbeit gefertigt. Zur Herstellung kommen ausschlie\u00dflich hochwertige Materialien zum Einsatz. Die K\u00f6rper werden aus Beton bzw. beton\u00e4hnlicher Masse&#8230; <a class=\"more-link\" href=\"https:\/\/baerenladen.de\/?page_id=301\">Weiterlesen &rarr;<\/a><\/p>\n","protected":false},"author":1,"featured_media":0,"parent":0,"menu_order":0,"comment_status":"closed","ping_status":"closed","template":"","meta":{"ngg_post_thumbnail":0,"footnotes":""},"class_list":["post-301","page","type-page","status-publish","hentry"],"_links":{"self":[{"href":"https:\/\/baerenladen.de\/index.php?rest_route=\/wp\/v2\/pages\/301","targetHints":{"allow":["GET"]}}],"collection":[{"href":"https:\/\/baerenladen.de\/index.php?rest_route=\/wp\/v2\/pages"}],"about":[{"href":"https:\/\/baerenladen.de\/index.php?rest_route=\/wp\/v2\/types\/page"}],"author":[{"embeddable":true,"href":"https:\/\/baerenladen.de\/index.php?rest_route=\/wp\/v2\/users\/1"}],"replies":[{"embeddable":true,"href":"https:\/\/baerenladen.de\/index.php?rest_route=%2Fwp%2Fv2%2Fcomments&post=301"}],"version-history":[{"count":4,"href":"https:\/\/baerenladen.de\/index.php?rest_route=\/wp\/v2\/pages\/301\/revisions"}],"predecessor-version":[{"id":319,"href":"https:\/\/baerenladen.de\/index.php?rest_route=\/wp\/v2\/pages\/301\/revisions\/319"}],"wp:attachment":[{"href":"https:\/\/baerenladen.de\/index.php?rest_route=%2Fwp%2Fv2%2Fmedia&parent=301"}],"curies":[{"name":"wp","href":"https:\/\/api.w.org\/{rel}","templated":true}]}}